{"id":37,"date":"2024-12-11T16:47:45","date_gmt":"2024-12-11T15:47:45","guid":{"rendered":"https:\/\/primotem.be\/?page_id=37"},"modified":"2025-01-09T10:21:29","modified_gmt":"2025-01-09T09:21:29","slug":"le-cos-phi","status":"publish","type":"page","link":"https:\/\/primotem.be\/index.php\/le-cos-phi\/","title":{"rendered":"Cos \u03c6"},"content":{"rendered":"\n<div class=\"wp-block-group alignfull has-global-padding is-layout-constrained wp-block-group-is-layout-constrained\"><nav class=\"is-responsive items-justified-center alignwide wp-block-navigation is-content-justification-center is-layout-flex wp-container-core-navigation-is-layout-a89b3969 wp-block-navigation-is-layout-flex\" aria-label=\"Navigation 3\" \n\t\t data-wp-interactive=\"core\/navigation\" data-wp-context='{\"overlayOpenedBy\":{\"click\":false,\"hover\":false,\"focus\":false},\"type\":\"overlay\",\"roleAttribute\":\"\",\"ariaLabel\":\"Menu\"}'><button aria-haspopup=\"dialog\" aria-label=\"Open menu\" class=\"wp-block-navigation__responsive-container-open\" \n\t\t\t\tdata-wp-on--click=\"actions.openMenuOnClick\"\n\t\t\t\tdata-wp-on--keydown=\"actions.handleMenuKeydown\"\n\t\t\t><svg width=\"24\" height=\"24\" xmlns=\"http:\/\/www.w3.org\/2000\/svg\" viewBox=\"0 0 24 24\" aria-hidden=\"true\" focusable=\"false\"><path d=\"M4 7.5h16v1.5H4z\"><\/path><path d=\"M4 15h16v1.5H4z\"><\/path><\/svg><\/button>\n\t\t\t\t<div class=\"wp-block-navigation__responsive-container\"  id=\"modal-1\" \n\t\t\t\tdata-wp-class--has-modal-open=\"state.isMenuOpen\"\n\t\t\t\tdata-wp-class--is-menu-open=\"state.isMenuOpen\"\n\t\t\t\tdata-wp-watch=\"callbacks.initMenu\"\n\t\t\t\tdata-wp-on--keydown=\"actions.handleMenuKeydown\"\n\t\t\t\tdata-wp-on--focusout=\"actions.handleMenuFocusout\"\n\t\t\t\ttabindex=\"-1\"\n\t\t\t>\n\t\t\t\t\t<div class=\"wp-block-navigation__responsive-close\" tabindex=\"-1\">\n\t\t\t\t\t\t<div class=\"wp-block-navigation__responsive-dialog\" \n\t\t\t\tdata-wp-bind--aria-modal=\"state.ariaModal\"\n\t\t\t\tdata-wp-bind--aria-label=\"state.ariaLabel\"\n\t\t\t\tdata-wp-bind--role=\"state.roleAttribute\"\n\t\t\t>\n\t\t\t\t\t\t\t<button aria-label=\"Close menu\" class=\"wp-block-navigation__responsive-container-close\" \n\t\t\t\tdata-wp-on--click=\"actions.closeMenuOnClick\"\n\t\t\t><svg xmlns=\"http:\/\/www.w3.org\/2000\/svg\" viewBox=\"0 0 24 24\" width=\"24\" height=\"24\" aria-hidden=\"true\" focusable=\"false\"><path d=\"m13.06 12 6.47-6.47-1.06-1.06L12 10.94 5.53 4.47 4.47 5.53 10.94 12l-6.47 6.47 1.06 1.06L12 13.06l6.47 6.47 1.06-1.06L13.06 12Z\"><\/path><\/svg><\/button>\n\t\t\t\t\t\t\t<div class=\"wp-block-navigation__responsive-container-content\" \n\t\t\t\tdata-wp-watch=\"callbacks.focusFirstElement\"\n\t\t\t id=\"modal-1-content\">\n\t\t\t\t\t\t\t\t<ul class=\"wp-block-navigation__container is-responsive items-justified-center alignwide wp-block-navigation\"><ul class=\"wp-block-page-list\"><li class=\"wp-block-pages-list__item wp-block-navigation-item open-on-hover-click\"><a class=\"wp-block-pages-list__item__link wp-block-navigation-item__content\" href=\"https:\/\/primotem.be\/index.php\/audits-etudes-techniques\/\">Audits &amp; \u00c9tudes techniques<\/a><\/li><li class=\"wp-block-pages-list__item wp-block-navigation-item open-on-hover-click\"><a class=\"wp-block-pages-list__item__link wp-block-navigation-item__content\" href=\"https:\/\/primotem.be\/index.php\/comptablite-energetique\/\">Comptablit\u00e9 \u00c9nerg\u00e9tique<\/a><\/li><li class=\"wp-block-pages-list__item wp-block-navigation-item open-on-hover-click\"><a class=\"wp-block-pages-list__item__link wp-block-navigation-item__content\" href=\"https:\/\/primotem.be\/index.php\/le-cos-phi\/\">Cos \u03c6<\/a><\/li><li class=\"wp-block-pages-list__item wp-block-navigation-item open-on-hover-click\"><a class=\"wp-block-pages-list__item__link wp-block-navigation-item__content\" href=\"https:\/\/primotem.be\/index.php\/page-d-exemple\/\">Power Quality<\/a><\/li><li class=\"wp-block-pages-list__item wp-block-navigation-item open-on-hover-click\"><a class=\"wp-block-pages-list__item__link wp-block-navigation-item__content\" href=\"https:\/\/primotem.be\/index.php\/s-a-v\/\">S.A.V.<\/a><\/li><li class=\"wp-block-pages-list__item wp-block-navigation-item open-on-hover-click\"><a class=\"wp-block-pages-list__item__link wp-block-navigation-item__content\" href=\"https:\/\/primotem.be\/index.php\/delestage-effacement\/\">D\u00e9lestage &#8211; Effacement<\/a><\/li><li class=\"wp-block-pages-list__item wp-block-navigation-item open-on-hover-click\"><a class=\"wp-block-pages-list__item__link wp-block-navigation-item__content\" href=\"https:\/\/primotem.be\/index.php\/contacts\/\">Contacts<\/a><\/li><\/ul><\/ul>\n\t\t\t\t\t\t\t<\/div>\n\t\t\t\t\t\t<\/div>\n\t\t\t\t\t<\/div>\n\t\t\t\t<\/div><\/nav>\n\n\n<h2 class=\"wp-block-heading has-text-align-center\">Le Cos \u03c6<\/h2>\n\n\n\n<p>Les moteurs, transformateurs et d\u2019autres appareils consomment plus d\u2019\u00e9nergie que le travail qu\u2019ils produisent.<br>Cette \u00e9nergie r\u00e9active augmente les pertes dans l\u2019installation \u00e9lectrique.<br>Elle occasionne des majorations (p\u00e9nalit\u00e9s) pour consommation r\u00e9active sur la facture d\u2019\u00e9lectricit\u00e9 que nous pouvons&nbsp;<a href=\"http:\/\/www.primotem.be\/index.php\" target=\"_blank\" rel=\"noreferrer noopener\">analyser<\/a>&nbsp;pour vous.<br>Elle diminue la puissance r\u00e9ellement disponible.<br>Elle augmente le courant dans les installations, elle peut occasionner l&#8217;usure pr\u00e9matur\u00e9e des \u00e9quipements&#8230;<br>l\u2019Indice de compensation (IC) permet de d\u00e9finir avec pr\u00e9cision les caract\u00e9ristiques et le niveau de service requis pour un syst\u00e8me de compensation d\u2019\u00e9nergie r\u00e9active.<\/p>\n\n\n\n<p>Une bonne compensation r\u00e9active peut d\u00e8s lors apporter :<\/p>\n<\/div>\n\n\n\n<ul class=\"wp-block-list\">\n<li>Une \u00e9conomie via la disparition des p\u00e9nalit\u00e9s pour consommation d&#8217;\u00e9nergie r\u00e9active sur la facture d&#8217;\u00e9lectricit\u00e9<\/li>\n\n\n\n<li>Une diminution de la puissance apparente demand\u00e9e, apportant une plus grande disponibilit\u00e9 de puissance pour l&#8217;ajout de nouveaux \u00e9quipements<\/li>\n\n\n\n<li>Une r\u00e9duction des pertes Joule (principalement du transfo) suite \u00e0 la r\u00e9duction du courant apparent. Exemple : suite \u00e0 la r\u00e9duction du courant apparent de 13%, il r\u00e9sulte une diminution des pertes d&#8217;\u00e9chauffement de 24%, soit : [1 \u2013 0,87\u00b2] = 24 %<\/li>\n\n\n\n<li>Une limitation de l&#8217;usure pr\u00e9matur\u00e9e des \u00e9quipements<\/li>\n\n\n\n<li>Une stabilisation de la tension<\/li>\n\n\n\n<li>&#8230;<\/li>\n<\/ul>\n","protected":false},"excerpt":{"rendered":"<p>Le Cos \u03c6 Les moteurs, transformateurs et d\u2019autres appareils consomment plus d\u2019\u00e9nergie que le travail qu\u2019ils produisent.Cette \u00e9nergie r\u00e9active augmente les pertes dans l\u2019installation \u00e9lectrique.Elle occasionne des majorations (p\u00e9nalit\u00e9s) pour consommation r\u00e9active sur la facture d\u2019\u00e9lectricit\u00e9 que nous pouvons&nbsp;analyser&nbsp;pour vous.Elle diminue la puissance r\u00e9ellement disponible.Elle augmente le courant dans les installations, elle peut occasionner l&#8217;usure [&hellip;]<\/p>\n","protected":false},"author":1,"featured_media":0,"parent":0,"menu_order":3,"comment_status":"closed","ping_status":"closed","template":"","meta":{"footnotes":""},"class_list":["post-37","page","type-page","status-publish","hentry"],"_links":{"self":[{"href":"https:\/\/primotem.be\/index.php\/wp-json\/wp\/v2\/pages\/37","targetHints":{"allow":["GET"]}}],"collection":[{"href":"https:\/\/primotem.be\/index.php\/wp-json\/wp\/v2\/pages"}],"about":[{"href":"https:\/\/primotem.be\/index.php\/wp-json\/wp\/v2\/types\/page"}],"author":[{"embeddable":true,"href":"https:\/\/primotem.be\/index.php\/wp-json\/wp\/v2\/users\/1"}],"replies":[{"embeddable":true,"href":"https:\/\/primotem.be\/index.php\/wp-json\/wp\/v2\/comments?post=37"}],"version-history":[{"count":12,"href":"https:\/\/primotem.be\/index.php\/wp-json\/wp\/v2\/pages\/37\/revisions"}],"predecessor-version":[{"id":166,"href":"https:\/\/primotem.be\/index.php\/wp-json\/wp\/v2\/pages\/37\/revisions\/166"}],"wp:attachment":[{"href":"https:\/\/primotem.be\/index.php\/wp-json\/wp\/v2\/media?parent=37"}],"curies":[{"name":"wp","href":"https:\/\/api.w.org\/{rel}","templated":true}]}}