{"id":2,"date":"2024-12-11T09:40:46","date_gmt":"2024-12-11T08:40:46","guid":{"rendered":"http:\/\/primotem.be\/?page_id=2"},"modified":"2025-01-09T10:14:44","modified_gmt":"2025-01-09T09:14:44","slug":"page-d-exemple","status":"publish","type":"page","link":"https:\/\/primotem.be\/index.php\/page-d-exemple\/","title":{"rendered":"Power Quality"},"content":{"rendered":"<nav class=\"is-responsive items-justified-center alignwide wp-block-navigation is-content-justification-center is-layout-flex wp-container-core-navigation-is-layout-b02886af wp-block-navigation-is-layout-flex\" aria-label=\"Navigation 3\" \n\t\t data-wp-interactive=\"core\/navigation\" data-wp-context='{\"overlayOpenedBy\":{\"click\":false,\"hover\":false,\"focus\":false},\"type\":\"overlay\",\"roleAttribute\":\"\",\"ariaLabel\":\"Menu\"}'><button aria-haspopup=\"dialog\" aria-label=\"Open menu\" class=\"wp-block-navigation__responsive-container-open\" \n\t\t\t\tdata-wp-on--click=\"actions.openMenuOnClick\"\n\t\t\t\tdata-wp-on--keydown=\"actions.handleMenuKeydown\"\n\t\t\t><svg width=\"24\" height=\"24\" xmlns=\"http:\/\/www.w3.org\/2000\/svg\" viewBox=\"0 0 24 24\" aria-hidden=\"true\" focusable=\"false\"><path d=\"M4 7.5h16v1.5H4z\"><\/path><path d=\"M4 15h16v1.5H4z\"><\/path><\/svg><\/button>\n\t\t\t\t<div class=\"wp-block-navigation__responsive-container\"  id=\"modal-1\" \n\t\t\t\tdata-wp-class--has-modal-open=\"state.isMenuOpen\"\n\t\t\t\tdata-wp-class--is-menu-open=\"state.isMenuOpen\"\n\t\t\t\tdata-wp-watch=\"callbacks.initMenu\"\n\t\t\t\tdata-wp-on--keydown=\"actions.handleMenuKeydown\"\n\t\t\t\tdata-wp-on--focusout=\"actions.handleMenuFocusout\"\n\t\t\t\ttabindex=\"-1\"\n\t\t\t>\n\t\t\t\t\t<div class=\"wp-block-navigation__responsive-close\" tabindex=\"-1\">\n\t\t\t\t\t\t<div class=\"wp-block-navigation__responsive-dialog\" \n\t\t\t\tdata-wp-bind--aria-modal=\"state.ariaModal\"\n\t\t\t\tdata-wp-bind--aria-label=\"state.ariaLabel\"\n\t\t\t\tdata-wp-bind--role=\"state.roleAttribute\"\n\t\t\t>\n\t\t\t\t\t\t\t<button aria-label=\"Close menu\" class=\"wp-block-navigation__responsive-container-close\" \n\t\t\t\tdata-wp-on--click=\"actions.closeMenuOnClick\"\n\t\t\t><svg xmlns=\"http:\/\/www.w3.org\/2000\/svg\" viewBox=\"0 0 24 24\" width=\"24\" height=\"24\" aria-hidden=\"true\" focusable=\"false\"><path d=\"m13.06 12 6.47-6.47-1.06-1.06L12 10.94 5.53 4.47 4.47 5.53 10.94 12l-6.47 6.47 1.06 1.06L12 13.06l6.47 6.47 1.06-1.06L13.06 12Z\"><\/path><\/svg><\/button>\n\t\t\t\t\t\t\t<div class=\"wp-block-navigation__responsive-container-content\" \n\t\t\t\tdata-wp-watch=\"callbacks.focusFirstElement\"\n\t\t\t id=\"modal-1-content\">\n\t\t\t\t\t\t\t\t<ul class=\"wp-block-navigation__container is-responsive items-justified-center alignwide wp-block-navigation\"><ul class=\"wp-block-page-list\"><li class=\"wp-block-pages-list__item wp-block-navigation-item open-on-hover-click\"><a class=\"wp-block-pages-list__item__link wp-block-navigation-item__content\" href=\"https:\/\/primotem.be\/index.php\/audits-etudes-techniques\/\">Audits &amp; \u00c9tudes techniques<\/a><\/li><li class=\"wp-block-pages-list__item wp-block-navigation-item open-on-hover-click\"><a class=\"wp-block-pages-list__item__link wp-block-navigation-item__content\" href=\"https:\/\/primotem.be\/index.php\/comptablite-energetique\/\">Comptablit\u00e9 \u00c9nerg\u00e9tique<\/a><\/li><li class=\"wp-block-pages-list__item wp-block-navigation-item open-on-hover-click\"><a class=\"wp-block-pages-list__item__link wp-block-navigation-item__content\" href=\"https:\/\/primotem.be\/index.php\/le-cos-phi\/\">Cos \u03c6<\/a><\/li><li class=\"wp-block-pages-list__item wp-block-navigation-item open-on-hover-click\"><a class=\"wp-block-pages-list__item__link wp-block-navigation-item__content\" href=\"https:\/\/primotem.be\/index.php\/page-d-exemple\/\">Power Quality<\/a><\/li><li class=\"wp-block-pages-list__item wp-block-navigation-item open-on-hover-click\"><a class=\"wp-block-pages-list__item__link wp-block-navigation-item__content\" href=\"https:\/\/primotem.be\/index.php\/s-a-v\/\">S.A.V.<\/a><\/li><li class=\"wp-block-pages-list__item wp-block-navigation-item open-on-hover-click\"><a class=\"wp-block-pages-list__item__link wp-block-navigation-item__content\" href=\"https:\/\/primotem.be\/index.php\/delestage-effacement\/\">D\u00e9lestage &#8211; Effacement<\/a><\/li><li class=\"wp-block-pages-list__item wp-block-navigation-item open-on-hover-click\"><a class=\"wp-block-pages-list__item__link wp-block-navigation-item__content\" href=\"https:\/\/primotem.be\/index.php\/contacts\/\">Contacts<\/a><\/li><\/ul><\/ul>\n\t\t\t\t\t\t\t<\/div>\n\t\t\t\t\t\t<\/div>\n\t\t\t\t\t<\/div>\n\t\t\t\t<\/div><\/nav>\n\n\n<h2 class=\"wp-block-heading\">La qualit\u00e9 du r\u00e9seau est un enjeu de plus en plus important.<\/h2>\n\n\n\n<p>Nos expertises et solutions techniques permettent de r\u00e9pondre \u00e0 l\u2019ensemble des probl\u00e8mes rencontr\u00e9s sur les sites industriels et tertiaires.<\/p>\n\n\n\n<p>Les principales cons\u00e9quences de pr\u00e9sence des harmoniques :<\/p>\n\n\n\n<ul class=\"wp-block-list\">\n<li>D\u00e9t\u00e9rioration de la qualit\u00e9 de l&#8217;onde de tension, affectant certains r\u00e9cepteurs sensibles&nbsp;<\/li>\n\n\n\n<li>Surcharge et possible r\u00e9sonnance s\u00e9rie entre l&#8217;inductance de ligne et les condensateurs de compensation de facteur de puissance et autres (filtres pour la CEM, c\u00e2bles etc.)&nbsp;<\/li>\n\n\n\n<li>D\u00e9t\u00e9rioration du facteur de puissance<\/li>\n\n\n\n<li>La capacit\u00e9 du r\u00e9seau et des transformateurs pour fournir la puissance se voit diminu\u00e9e de ce fait, obligeant \u00e0 son surdimensionnement&nbsp;<\/li>\n\n\n\n<li>Surcharge des c\u00e2bles et surtout des transformateurs (augmentation tr\u00e8s significative des pertes dans le fer &#8211; vibrations et bourdonnements)&nbsp;<\/li>\n\n\n\n<li>Probl\u00e8mes de d\u00e9clenchement intempestif des protections&nbsp;<\/li>\n\n\n\n<li>D\u00e9clenchements intempestifs d&#8217;automates et des variateurs \u00e9lectroniques<\/li>\n\n\n\n<li>Induction dans le sens de rotation n\u00e9gatif des moteurs \u00e9lectriques, qui se traduit par des vibrations, des pertes excessives et par l\u2019usure pr\u00e9coce des roulements<\/li>\n\n\n\n<li>Augmentation du courant traversant le conducteur du neutre&nbsp;<\/li>\n\n\n\n<li>Augmentation de la consommation en kWh&nbsp;<\/li>\n\n\n\n<li>R\u00e9duction de la dur\u00e9e de vie des \u00e9quipements \u00e9lectroniques et \u00e9lectriques<\/li>\n\n\n\n<li>Autres\u2026<\/li>\n<\/ul>\n\n\n\n<h2 class=\"wp-block-heading\">Vous voulez vous assurer de la qualit\u00e9 de vos r\u00e9seaux ?<\/h2>\n\n\n\n<p>Simple ! Il est maintenant possible d&#8217;effectuer les analyses de qualit\u00e9 de vos r\u00e9seaux \u00e9lectriques \u00e0 distance en se concentrant sur :<\/p>\n\n\n\n<ul class=\"wp-block-list\">\n<li>L\u2019analyse des r\u00e9seaux B.T., M.T. &amp; H.T.<\/li>\n\n\n\n<li>Mesure de capacit\u00e9 d\u2019unit\u00e9s de condensateurs dans des batteries de condensateurs B.T., M.T. &amp; H.T. (sans d\u00e9connection de la batterie)<\/li>\n\n\n\n<li>Des mesures instantan\u00e9es de plusieurs heures\/jours\/semaines de :\n<ul class=\"wp-block-list\">\n<li>Tensions de ligne et de phase (mono- et triphas\u00e9e)<\/li>\n\n\n\n<li>Puissance active, Puissance apparente, Puissance r\u00e9active<\/li>\n\n\n\n<li>Harmoniques de tension et de courant<\/li>\n\n\n\n<li>Fr\u00e9quence, Transitoire, Flicker<\/li>\n\n\n\n<li>D\u00e9s\u00e9quilibre de tension, Perturbations par commutations<\/li>\n\n\n\n<li>&#8230;<\/li>\n<\/ul>\n<\/li>\n<\/ul>\n\n\n\n<p>Pour d\u00e9terminer la solution optimale, il n\u2019existe qu\u2019une r\u00e8gle d\u2019or: Mesurer !<\/p>\n\n\n\n<p><a href=\"https:\/\/primotem.be\/index.php\/comptablite-energetique\/\" data-type=\"page\" data-id=\"125\" target=\"_blank\" rel=\"noreferrer noopener\">Car Mesurer, c&#8217;est Comprendre, pour ensuite Agir !<\/a><\/p>\n\n\n\n<blockquote class=\"wp-block-quote alignwide has-medium-font-size is-layout-flow wp-block-quote-is-layout-flow\">\n<h2 class=\"wp-block-heading\">Avantages du filtrage des harmoniques<\/h2>\n\n\n\n<p>..<\/p>\n\n\n\n<ul class=\"wp-block-list\">\n<li>R\u00e9duction des pertes pouvant g\u00e9n\u00e9rer une \u00e9conomie de kWh sur le d\u00e9part concern\u00e9 de 2 \u00e0 8%, selon les cas<\/li>\n<\/ul>\n\n\n\n<ul class=\"wp-block-list\">\n<li>Augmentation de la fiabilit\u00e9 des \u00e9quipements \u00e9lectroniques<\/li>\n<\/ul>\n\n\n\n<ul class=\"wp-block-list\">\n<li>Augmentation de la dur\u00e9e de vie des \u00e9quipements \u00e9lectroniques<\/li>\n<\/ul>\n\n\n\n<ul class=\"wp-block-list\">\n<li>&#8230;<\/li>\n<\/ul>\n<\/blockquote>\n\n\n\n<h3 class=\"wp-block-heading\">Vous devez investir dans un outil ?<\/h3>\n\n\n\n<p>L&#8217;Audit de votre r\u00e9seau \u00e9lectrique, NOTRE arme pour VOTRE efficacit\u00e9 \u00e9nerg\u00e9tique! Nos experts vous conseillent pour :<\/p>\n\n\n\n<ul class=\"wp-block-list\">\n<li>Le dimensionnement d&#8217;une batterie de condensateurs<\/li>\n\n\n\n<li>Le dimensionnement de filtres actifs ou passifs auto-r\u00e9gul\u00e9s pour le filtrage des harmoniques<\/li>\n\n\n\n<li>Le dimensionnement de vos transformateurs<\/li>\n\n\n\n<li>Le raccordement de vos nouveaux consommateurs<\/li>\n\n\n\n<li>&#8230;<\/li>\n<\/ul>\n","protected":false},"excerpt":{"rendered":"<p>La qualit\u00e9 du r\u00e9seau est un enjeu de plus en plus important. Nos expertises et solutions techniques permettent de r\u00e9pondre \u00e0 l\u2019ensemble des probl\u00e8mes rencontr\u00e9s sur les sites industriels et tertiaires. Les principales cons\u00e9quences de pr\u00e9sence des harmoniques : Vous voulez vous assurer de la qualit\u00e9 de vos r\u00e9seaux ? Simple ! Il est maintenant [&hellip;]<\/p>\n","protected":false},"author":1,"featured_media":0,"parent":0,"menu_order":4,"comment_status":"closed","ping_status":"closed","template":"","meta":{"footnotes":""},"class_list":["post-2","page","type-page","status-publish","hentry"],"_links":{"self":[{"href":"https:\/\/primotem.be\/index.php\/wp-json\/wp\/v2\/pages\/2","targetHints":{"allow":["GET"]}}],"collection":[{"href":"https:\/\/primotem.be\/index.php\/wp-json\/wp\/v2\/pages"}],"about":[{"href":"https:\/\/primotem.be\/index.php\/wp-json\/wp\/v2\/types\/page"}],"author":[{"embeddable":true,"href":"https:\/\/primotem.be\/index.php\/wp-json\/wp\/v2\/users\/1"}],"replies":[{"embeddable":true,"href":"https:\/\/primotem.be\/index.php\/wp-json\/wp\/v2\/comments?post=2"}],"version-history":[{"count":7,"href":"https:\/\/primotem.be\/index.php\/wp-json\/wp\/v2\/pages\/2\/revisions"}],"predecessor-version":[{"id":161,"href":"https:\/\/primotem.be\/index.php\/wp-json\/wp\/v2\/pages\/2\/revisions\/161"}],"wp:attachment":[{"href":"https:\/\/primotem.be\/index.php\/wp-json\/wp\/v2\/media?parent=2"}],"curies":[{"name":"wp","href":"https:\/\/api.w.org\/{rel}","templated":true}]}}