{"id":151,"date":"2025-01-07T17:23:54","date_gmt":"2025-01-07T16:23:54","guid":{"rendered":"https:\/\/primotem.be\/?page_id=151"},"modified":"2025-01-09T10:37:03","modified_gmt":"2025-01-09T09:37:03","slug":"delestage-effacement","status":"publish","type":"page","link":"https:\/\/primotem.be\/index.php\/delestage-effacement\/","title":{"rendered":"D\u00e9lestage &#8211; Effacement"},"content":{"rendered":"<nav class=\"is-responsive items-justified-center alignwide wp-block-navigation is-content-justification-center is-layout-flex wp-container-core-navigation-is-layout-a89b3969 wp-block-navigation-is-layout-flex\" aria-label=\"Navigation 3\" \n\t\t data-wp-interactive=\"core\/navigation\" data-wp-context='{\"overlayOpenedBy\":{\"click\":false,\"hover\":false,\"focus\":false},\"type\":\"overlay\",\"roleAttribute\":\"\",\"ariaLabel\":\"Menu\"}'><button aria-haspopup=\"dialog\" aria-label=\"Open menu\" class=\"wp-block-navigation__responsive-container-open\" \n\t\t\t\tdata-wp-on--click=\"actions.openMenuOnClick\"\n\t\t\t\tdata-wp-on--keydown=\"actions.handleMenuKeydown\"\n\t\t\t><svg width=\"24\" height=\"24\" xmlns=\"http:\/\/www.w3.org\/2000\/svg\" viewBox=\"0 0 24 24\" aria-hidden=\"true\" focusable=\"false\"><path d=\"M4 7.5h16v1.5H4z\"><\/path><path d=\"M4 15h16v1.5H4z\"><\/path><\/svg><\/button>\n\t\t\t\t<div class=\"wp-block-navigation__responsive-container\"  id=\"modal-1\" \n\t\t\t\tdata-wp-class--has-modal-open=\"state.isMenuOpen\"\n\t\t\t\tdata-wp-class--is-menu-open=\"state.isMenuOpen\"\n\t\t\t\tdata-wp-watch=\"callbacks.initMenu\"\n\t\t\t\tdata-wp-on--keydown=\"actions.handleMenuKeydown\"\n\t\t\t\tdata-wp-on--focusout=\"actions.handleMenuFocusout\"\n\t\t\t\ttabindex=\"-1\"\n\t\t\t>\n\t\t\t\t\t<div class=\"wp-block-navigation__responsive-close\" tabindex=\"-1\">\n\t\t\t\t\t\t<div class=\"wp-block-navigation__responsive-dialog\" \n\t\t\t\tdata-wp-bind--aria-modal=\"state.ariaModal\"\n\t\t\t\tdata-wp-bind--aria-label=\"state.ariaLabel\"\n\t\t\t\tdata-wp-bind--role=\"state.roleAttribute\"\n\t\t\t>\n\t\t\t\t\t\t\t<button aria-label=\"Close menu\" class=\"wp-block-navigation__responsive-container-close\" \n\t\t\t\tdata-wp-on--click=\"actions.closeMenuOnClick\"\n\t\t\t><svg xmlns=\"http:\/\/www.w3.org\/2000\/svg\" viewBox=\"0 0 24 24\" width=\"24\" height=\"24\" aria-hidden=\"true\" focusable=\"false\"><path d=\"m13.06 12 6.47-6.47-1.06-1.06L12 10.94 5.53 4.47 4.47 5.53 10.94 12l-6.47 6.47 1.06 1.06L12 13.06l6.47 6.47 1.06-1.06L13.06 12Z\"><\/path><\/svg><\/button>\n\t\t\t\t\t\t\t<div class=\"wp-block-navigation__responsive-container-content\" \n\t\t\t\tdata-wp-watch=\"callbacks.focusFirstElement\"\n\t\t\t id=\"modal-1-content\">\n\t\t\t\t\t\t\t\t<ul class=\"wp-block-navigation__container is-responsive items-justified-center alignwide wp-block-navigation\"><ul class=\"wp-block-page-list\"><li class=\"wp-block-pages-list__item wp-block-navigation-item open-on-hover-click\"><a class=\"wp-block-pages-list__item__link wp-block-navigation-item__content\" href=\"https:\/\/primotem.be\/index.php\/audits-etudes-techniques\/\">Audits &amp; \u00c9tudes techniques<\/a><\/li><li class=\"wp-block-pages-list__item wp-block-navigation-item open-on-hover-click\"><a class=\"wp-block-pages-list__item__link wp-block-navigation-item__content\" href=\"https:\/\/primotem.be\/index.php\/comptablite-energetique\/\">Comptablit\u00e9 \u00c9nerg\u00e9tique<\/a><\/li><li class=\"wp-block-pages-list__item wp-block-navigation-item open-on-hover-click\"><a class=\"wp-block-pages-list__item__link wp-block-navigation-item__content\" href=\"https:\/\/primotem.be\/index.php\/le-cos-phi\/\">Cos \u03c6<\/a><\/li><li class=\"wp-block-pages-list__item wp-block-navigation-item open-on-hover-click\"><a class=\"wp-block-pages-list__item__link wp-block-navigation-item__content\" href=\"https:\/\/primotem.be\/index.php\/page-d-exemple\/\">Power Quality<\/a><\/li><li class=\"wp-block-pages-list__item wp-block-navigation-item open-on-hover-click\"><a class=\"wp-block-pages-list__item__link wp-block-navigation-item__content\" href=\"https:\/\/primotem.be\/index.php\/s-a-v\/\">S.A.V.<\/a><\/li><li class=\"wp-block-pages-list__item wp-block-navigation-item open-on-hover-click\"><a class=\"wp-block-pages-list__item__link wp-block-navigation-item__content\" href=\"https:\/\/primotem.be\/index.php\/delestage-effacement\/\">D\u00e9lestage &#8211; Effacement<\/a><\/li><li class=\"wp-block-pages-list__item wp-block-navigation-item open-on-hover-click\"><a class=\"wp-block-pages-list__item__link wp-block-navigation-item__content\" href=\"https:\/\/primotem.be\/index.php\/contacts\/\">Contacts<\/a><\/li><\/ul><\/ul>\n\t\t\t\t\t\t\t<\/div>\n\t\t\t\t\t\t<\/div>\n\t\t\t\t\t<\/div>\n\t\t\t\t<\/div><\/nav>\n\n\n<h3 class=\"wp-block-heading\"><strong>Les Enjeux du D\u00e9lestage et de l&#8217;Effacement dans la Gestion \u00c9nerg\u00e9tique<\/strong><\/h3>\n\n\n\n<blockquote class=\"wp-block-quote alignwide is-layout-flow wp-block-quote-is-layout-flow\">\n<p>Dans un contexte o\u00f9 la demande en \u00e9lectricit\u00e9 ne cesse de cro\u00eetre et o\u00f9 la transition \u00e9nerg\u00e9tique transforme profond\u00e9ment nos modes de production, la stabilit\u00e9 du r\u00e9seau \u00e9lectrique est devenue un enjeu majeur. Pour r\u00e9pondre \u00e0 ces d\u00e9fis, des m\u00e9canismes comme le d\u00e9lestage et l\u2019effacement jouent un r\u00f4le crucial. Leur objectif commun est de garantir un \u00e9quilibre constant entre production et consommation, indispensable pour \u00e9viter des perturbations majeures, voire des blackouts.<\/p>\n<\/blockquote>\n\n\n\n<hr class=\"wp-block-separator has-alpha-channel-opacity\"\/>\n\n\n\n<p>Le d\u00e9lestage consiste \u00e0 couper temporairement l\u2019alimentation en \u00e9lectricit\u00e9 sur certaines zones ou aupr\u00e8s de certains consommateurs, afin de pr\u00e9venir une surcharge du r\u00e9seau. Cette mesure, bien qu\u2019impopulaire, est n\u00e9cessaire pour maintenir la stabilit\u00e9 du syst\u00e8me \u00e9lectrique en cas de d\u00e9s\u00e9quilibre critique. Elle est souvent appliqu\u00e9e en dernier recours, lorsque la production ne peut plus r\u00e9pondre \u00e0 la demande. Par exemple, lors de vagues de froid ou de canicules, la consommation explose, et le d\u00e9lestage peut permettre d\u2019\u00e9viter un effondrement total du r\u00e9seau.<\/p>\n\n\n\n<p>L\u2019effacement, de son c\u00f4t\u00e9, repose sur une approche plus proactive et volontaire. Il s\u2019agit de r\u00e9duire temporairement la consommation d\u2019\u00e9lectricit\u00e9 de certains utilisateurs, souvent en \u00e9change d\u2019une compensation financi\u00e8re. Ce m\u00e9canisme, qui concerne principalement les industriels, permet de limiter la demande durant les p\u00e9riodes de forte consommation. Contrairement au d\u00e9lestage, l\u2019effacement n\u2019entra\u00eene pas de coupures, mais repose sur une coop\u00e9ration volontaire des consommateurs pour adapter leur usage \u00e9nerg\u00e9tique.<\/p>\n\n\n\n<blockquote class=\"wp-block-quote alignwide is-layout-flow wp-block-quote-is-layout-flow\">\n<p>Ces deux m\u00e9canismes r\u00e9pondent \u00e0 des enjeux cruciaux pour le syst\u00e8me \u00e9nerg\u00e9tique. Tout d\u2019abord, ils permettent d\u2019assurer la stabilit\u00e9 du r\u00e9seau \u00e9lectrique face \u00e0 des fluctuations impr\u00e9vues. L\u2019essor des \u00e9nergies renouvelables a introduit une production d\u2019\u00e9lectricit\u00e9 plus variable et parfois moins pr\u00e9visible, rendant ces outils encore plus essentiels. Ensuite, ils contribuent \u00e0 r\u00e9duire l\u2019utilisation des centrales thermiques, co\u00fbteuses et polluantes, en limitant les besoins lors des pics de consommation. Cela s\u2019inscrit dans la transition \u00e9nerg\u00e9tique et dans les efforts pour diminuer les \u00e9missions de gaz \u00e0 effet de serre, autant que dans une d\u00e9marche pour permettre de s\u00e9curiser l\u2019approvisionnement. Ces m\u00e9canismes sont des outils essentiels pour faire face aux d\u00e9fis actuels. Ils participent \u00e0 la construction d\u2019un syst\u00e8me \u00e9nerg\u00e9tique plus durable et r\u00e9silient, capable de r\u00e9pondre aux besoins croissants tout en pr\u00e9servant l\u2019\u00e9quilibre \u00e9cologique et \u00e9conomique.<\/p>\n<\/blockquote>\n\n\n\n<hr class=\"wp-block-separator has-alpha-channel-opacity\"\/>\n\n\n\n<h4 class=\"wp-block-heading alignwide has-text-align-center\">Le d\u00e9lestage peut \u00eatre vu comme une mesure subie pour maintenir la stabilit\u00e9 du r\u00e9seau, tandis que l&#8217;effacement est plut\u00f4t vu comme une action volontaire (ou contractuelle) r\u00e9alis\u00e9e pour contribuer \u00e0 r\u00e9duire la demande d&#8217;\u00e9lectricit\u00e9. Dans les deux cas, ces actions n\u00e9cessitent une connaissance parfaite de la r\u00e9partition de l&#8217;\u00e9nergie sur le site et des moyens de la ma\u00eetriser.<\/h4>\n","protected":false},"excerpt":{"rendered":"<p>Les Enjeux du D\u00e9lestage et de l&#8217;Effacement dans la Gestion \u00c9nerg\u00e9tique Dans un contexte o\u00f9 la demande en \u00e9lectricit\u00e9 ne cesse de cro\u00eetre et o\u00f9 la transition \u00e9nerg\u00e9tique transforme profond\u00e9ment nos modes de production, la stabilit\u00e9 du r\u00e9seau \u00e9lectrique est devenue un enjeu majeur. Pour r\u00e9pondre \u00e0 ces d\u00e9fis, des m\u00e9canismes comme le d\u00e9lestage et [&hellip;]<\/p>\n","protected":false},"author":1,"featured_media":0,"parent":0,"menu_order":6,"comment_status":"closed","ping_status":"closed","template":"","meta":{"footnotes":""},"class_list":["post-151","page","type-page","status-publish","hentry"],"_links":{"self":[{"href":"https:\/\/primotem.be\/index.php\/wp-json\/wp\/v2\/pages\/151","targetHints":{"allow":["GET"]}}],"collection":[{"href":"https:\/\/primotem.be\/index.php\/wp-json\/wp\/v2\/pages"}],"about":[{"href":"https:\/\/primotem.be\/index.php\/wp-json\/wp\/v2\/types\/page"}],"author":[{"embeddable":true,"href":"https:\/\/primotem.be\/index.php\/wp-json\/wp\/v2\/users\/1"}],"replies":[{"embeddable":true,"href":"https:\/\/primotem.be\/index.php\/wp-json\/wp\/v2\/comments?post=151"}],"version-history":[{"count":4,"href":"https:\/\/primotem.be\/index.php\/wp-json\/wp\/v2\/pages\/151\/revisions"}],"predecessor-version":[{"id":175,"href":"https:\/\/primotem.be\/index.php\/wp-json\/wp\/v2\/pages\/151\/revisions\/175"}],"wp:attachment":[{"href":"https:\/\/primotem.be\/index.php\/wp-json\/wp\/v2\/media?parent=151"}],"curies":[{"name":"wp","href":"https:\/\/api.w.org\/{rel}","templated":true}]}}